*h + 7*j + 93. Suppose h*a - 18566 = -3716. List the prime factors of a.
3, 5, 11
What are the prime factors of 1/(22/147024) - 429/(-4719)?
41, 163
What are the prime factors of ((-6668122)/771)/(8/6 - 2)?
12973
Let p = -24 - -25. List the prime factors of 236 - (-2 - (p + -1 - 5)).
233
Suppose 0 = 2*v + 2*m - 22, 3*v + 5 = -4*m + 38. Suppose v*t + 6919 = 22*t. List the prime factors of t.
17, 37
Let o(i) = -24*i**3 + 4*i**2 + i - 16. Let n be o(-4). Suppose -2*w + c = -7*w + n, -3*w + c = -948. List the prime factors of w.
2, 79
Let d be (-76)/950 + 204/50. Suppose -2438 = -d*t - c, 8*t - 2*c - 614 = 7*t. List the prime factors of t.
2, 5, 61
Suppose 13*c - 368206 = -58*c. List the prime factors of c.
2, 2593
Let v = -147 + 148. Let s(j) = 384*j**2 - 14*j + 14. List the prime factors of s(v).
2, 3
Suppose 34*h = 12*h + 66. Suppose 11*a = 7*a - 4*q + 2324, -9 = -h*q. What are the prime factors of a?
2, 17
Let s(d) = 3591*d**2 + 93*d + 7. List the prime factors of s(4).
5, 43, 269
Let s(q) = 6*q**2 - 58*q - 279. What are the prime factors of s(71)?
25849
Let c = 123 + -140. Let d = c + 14. What are the prime factors of d + -428*(-4)/8?
211
Let o(f) = -f**3 - 8*f**2 + 2*f + 18. Let v be o(-8). Suppose 0 = a - 3*p + 5*p - 14, -v*p = 5*a - 110. Let b = a - -51. What are the prime factors of b?
3, 5
Let l(y) = -y**2 - y + 11. Let s be l(-4). Let d be (8 - 2)/(2 + s). Let f(k) = 18*k - 24. What are the prime factors of f(d)?
2, 3, 7
Suppose -15*y + 92 = -11*y. Suppose -y*p + 25*p = 816. Suppose -p = -4*l + l. What are the prime factors of l?
2, 17
Suppose -5*z + 5300 + 1410 = 0. Suppose -z = -2*s + 658. What are the prime factors of s?
2, 5
Suppose -1034 = -29*w + 7*w. Let x = w + 97. What are the prime factors of x?
2, 3
Let p(i) = -10*i**2 - 6*i**3 + 5 - 10*i - 4*i**3 + 15*i**3. List the prime factors of p(5).
2, 3, 5, 11
Let w = 9827 - 6674. List the prime factors of w.
3, 1051
Let v = 28 - 23. Suppose v*w - 1425 = -30. Suppose 6*u - 21 - w = 0. What are the prime factors of u?
2, 5
Suppose -83*c = -63*c - 480575 - 211625. List the prime factors of c.
2, 5, 3461
List the prime factors of 347757/9 - (-12)/4*(-4)/18.
38639
Let x(h) = h**3 - 2*h**2 + 2*h - 168. Suppose 15 = -v + 5*y, -4 - 2 = -3*v - 2*y. Let r be x(v). Let d = r + 413. What are the prime factors of d?
5, 7
Let k(g) = 213*g**2 + 2*g - 1. Let j be k(1). Suppose -3*z = -23 - j. Suppose -83*h + 584 = -z*h. What are the prime factors of h?
2, 73
Let x be 15/(-45) + (-7)/(-3). Suppose -75 - 45 = -3*q. What are the prime factors of (q*2 - -1) + (-8)/x?
7, 11
Let v(y) = y**3 - 10*y**2 + 13*y - 225. Let l be v(12). Suppose -2*u - 485 = 2*u - 3*j, -3*u + 4*j - 355 = 0. Let t = u + l. List the prime factors of t.
2, 47
Suppose -2*a = 5*g - 2177 - 21870, 5*a + g = 60060. List the prime factors of a.
12011
Let h be 1 + -3 + -1 + 14. Suppose 28 = h*p - 7*p. Suppose p*g + 23 = 100. List the prime factors of g.
11
Suppose 0 = g + 4*u - 2*u - 36, 4*g - 79 = 5*u. Let v = -42 + g. Let c = 71 + v. List the prime factors of c.
5, 11
List the prime factors of (-478381 + 1)/(-7) - -9.
3, 22783
Suppose 27400 = 25*d - 19275. Suppose 0 = 3*t - b - d, -2*t + 999 = -b - 246. List the prime factors of t.
2, 311
Let d(f) = f**3 + 75*f**2 + 612*f - 47. List the prime factors of d(-54).
107, 263
Suppose 43 = -5*c + 5*w - 17, 2*c + w = -24. List the prime factors of 2/c + 12102/36.
2, 3, 7
Let d = -1913 - -10922. List the prime factors of d.
3, 7, 11, 13
Let c(x) = -5*x**3 + 269*x**2 + 135*x - 123. What are the prime factors of c(54)?
3, 13, 109
Suppose -4*w = 24, 17*d - 16*d = -w + 22716. What are the prime factors of d?
2, 3, 7, 541
Let w = 194 + -151. Suppose -43180 = -w*v + 9*v. List the prime factors of v.
2, 5, 127
Suppose -1001 = a - 3731. Suppose 23*p = 30*p - a. List the prime factors of p.
2, 3, 5, 13
Suppose 0*y = -3*w - 2*y + 13, w = -4*y + 11. Suppose 3*g - w*c + 123 = 5*g, 255 = 5*g - 3*c. Let h = g + -52. List the prime factors of h.
2
Suppose -2871 = -2*u + y - 26, 2*u - 7*y = 2815. What are the prime factors of u?
3, 5, 19
Let r(o) = 3*o**3 + 24*o**2 - 148*o - 6. What are the prime factors of r(10)?
2, 19, 103
Let m be ((-15)/6*1)/(13/(-7306)). Suppose 3*l = m + 1280. What are the prime factors of l?
5, 179
Let d be 8/6 + 320/(-24). What are the prime factors of (-15)/d*(-13 + 117)?
2, 5, 13
Let a be -3 - 38*79/(-2) - -3. Suppose -3*c + 6*c - 5*r = a, -4*r = -5*c + 2480. Suppose -x - 3*x + c = 0. List the prime factors of x.
3, 41
Let z(b) = 379*b - 734. What are the prime factors of z(9)?
2677
Let t = 92 + -86. Suppose t*j + 35 = -7. List the prime factors of 187/(-34)*(-1 + j).
2, 11
Let h be 2/12 - (764/(-24) + 5). Let g(o) = 2*o**2 - 7*o + 31. Let j be g(h). Suppose 7*w - j = -3*w. List the prime factors of w.
2, 5, 13
Let r be -19 + (-1)/(3/(-9)). Let g be -1*(-2 + 0 - r/8). Suppose g*w - 5*w = -740. List the prime factors of w.
2, 37
Let l = -6814 + 13205. Suppose 1869 = -17*p + l. List the prime factors of p.
2, 7, 19
Let f(r) = r**3 + 5*r**2 - 29*r - 18. Let u be f(-8). List the prime factors of 4444/(-176)*(u/(-2) + -1).
3, 101
Suppose 10*g = 5*g + 30. Let i(c) = 14*c - 61. What are the prime factors of i(g)?
23
Let y = -8 - 3. Let m(x) = -4*x + 10. Let q(r) = 9*r - 19. Let d(c) = 14*m(c) + 6*q(c). What are the prime factors of d(y)?
2, 3
Let n(x) be the second derivative of 25*x**3/6 - 26*x**2 + x. Let y = -11544 - -11551. List the prime factors of n(y).
3, 41
Let f = -1206 - -1738. Let h = f - 293. Let z = h + -100. What are the prime factors of z?
139
Let l = 10560 + 7410. List the prime factors of l.
2, 3, 5, 599
Let u(v) = 71*v**2 - 74*v + 505. List the prime factors of u(10).
5, 1373
Let m = 7883 - 137. List the prime factors of m.
2, 3, 1291
Let l = 103 - 16. Let t = 42 - l. List the prime factors of (-2)/(-5) - 7452/t.
2, 83
Let c(g) = -g**3 + 9*g**2 + 9*g - 5. Suppose 4*n - 108 = -5*n. Let h be c(n). Let m = h - -508. What are the prime factors of m?
179
Let m = -535 - -561. Suppose m*y - 14889 = 5*y. List the prime factors of y.
709
List the prime factors of (36 - 10 - 10)/(13/(517218/12)).
2, 19, 349
List the prime factors of 9/((-432)/(-773600))*9/6.
5, 967
Suppose -12*r = -7*r - z - 27444, 0 = -3*z + 18. List the prime factors of r.
2, 3, 5, 61
Let o = 76 - 73. Suppose -2*p = 5*l - 0*p - 2585, 2*p = -o*l + 1551. What are the prime factors of l?
11, 47
Let s be 1/4*(-11 - -7). Let o be -5 - 164/(-24) - s/6. Suppose -5*q + 75 = 3*y - 184, 0 = -q - o*y + 49. What are the prime factors of q?
53
Suppose 0 = -8*s + 1464 + 480. Let z = s - 202. What are the prime factors of z?
41
Suppose 23 = 5*i + 2*c + 58, 0 = i - 5*c + 7. Suppose -d - 49 = -s, 2*d - 4*s = -d - 151. Let b = i - d. List the prime factors of b.
2, 19
Suppose 28*x = 117*x - 1644898. What are the prime factors of x?
2, 9241
Let b(f) = -f**3 - 11*f**2 - 10*f + 16. Let m be b(-10). Let u = m - -37. Suppose 10*x - u = 27. List the prime factors of x.
2
What are the prime factors of (6958 + -1)*3/((-18)/(-34))?
3, 17, 773
Let p(w) = -95*w - 14. Let z be p(-7). Let x be 1/(-2)*(897 - (0 - -3)). Let c = x + z. What are the prime factors of c?
2, 3, 17
Let t(z) = 698*z + 14. Let f be t(-3). Let x = -1373 - f. List the prime factors of x.
7, 101
Suppose -2*z - 4*j = -916, 550 - 100 = z - 2*j. Suppose -u = -1, -z = -2*m - 2*u + 1286. What are the prime factors of m?
11, 79
Let f(h) = -h**3 - 52*h**2 + 36*h - 211. Let l(o) = 6*o - 23. Let n be l(-5). List the prime factors of f(n).
2, 3, 5, 23
Let k(v) = -v**3 + 12*v**2 + 5*v - 59. Let g be k(12). Suppose 160 = 4*i + f, i + 2*f + 4 - 51 = 0. List the prime factors of (-37 + g)/(2 - i/18).
2, 3
Suppose -205*m + 5294877 = -4693953. List the prime factors of m.
2, 3, 2707
Suppose 38224 = 19*r - 15*r. List the prime factors of r.
2, 2389
Let l(o) = 9*o**2 + 20*o - 1706. What are the prime factors of l(45)?
17419
Let o(l) = -493*l + 19. Let s be o(-3). Suppose 31*c - 24*c + s = 0. Let x = c - -433. List the prime factors of x.
3, 73
Let y(q) = 2*q + 60. Let n be y(-30). Suppose 4*m - 93 + 11 = -b, n = -5*b + 5*m + 410. What are the prime factors of b?
2, 41
Let b = 68 + -47. Let s = -21 + b. Suppose 5*c - c - 5*x - 678 = 0, c - 3*x - 166 = s. What are the prime factors of c?
2,